is divided by 27.
22
Calculate the remainder when 5066 is divided by 230.
6
Calculate the remainder when 147 is divided by 43.
18
What is the remainder when 808 is divided by 82?
70
What is the remainder when 223 is divided by 31?
6
Calculate the remainder when 165 is divided by 70.
25
What is the remainder when 500 is divided by 442?
58
Calculate the remainder when 356 is divided by 69.
11
Calculate the remainder when 97 is divided by 20.
17
What is the remainder when 168 is divided by 58?
52
Calculate the remainder when 208 is divided by 57.
37
Calculate the remainder when 93 is divided by 46.
1
Calculate the remainder when 789 is divided by 200.
189
What is the remainder when 449 is divided by 211?
27
What is the remainder when 11878 is divided by 44?
42
What is the remainder when 599 is divided by 119?
4
Calculate the remainder when 127 is divided by 10.
7
Calculate the remainder when 36869 is divided by 30.
29
What is the remainder when 646 is divided by 111?
91
Calculate the remainder when 63 is divided by 30.
3
What is the remainder when 462 is divided by 74?
18
Calculate the remainder when 66 is divided by 15.
6
What is the remainder when 197 is divided by 22?
21
Calculate the remainder when 308 is divided by 45.
38
Calculate the remainder when 33 is divided by 5.
3
Calculate the remainder when 1017 is divided by 31.
25
What is the remainder when 129 is divided by 19?
15
Calculate the remainder when 854 is divided by 95.
94
Calculate the remainder when 328 is divided by 68.
56
What is the remainder when 47 is divided by 34?
13
What is the remainder when 166 is divided by 3?
1
What is the remainder when 27 is divided by 11?
5
What is the remainder when 917 is divided by 46?
43
Calculate the remainder when 1451 is divided by 35.
16
What is the remainder when 8243 is divided by 18?
17
What is the remainder when 220 is divided by 69?
13
Calculate the remainder when 378 is divided by 55.
48
Calculate the remainder when 177 is divided by 77.
23
Calculate the remainder when 458 is divided by 11.
7
Calculate the remainder when 74 is divided by 30.
14
What is the remainder when 2910 is divided by 482?
18
What is the remainder when 148 is divided by 39?
31
What is the remainder when 4436 is divided by 78?
68
What is the remainder when 209 is divided by 55?
44
Calculate the remainder when 18498 is divided by 250.
248
Calculate the remainder when 628 is divided by 71.
60
What is the remainder when 879 is divided by 269?
72
What is the remainder when 264 is divided by 254?
10
What is the remainder when 4657 is divided by 37?
32
What is the remainder when 295 is divided by 12?
7
Calculate the remainder when 189 is divided by 71.
47
Calculate the remainder when 354 is divided by 92.
78
What is the remainder when 3411 is divided by 682?
1
What is the remainder when 1166 is divided by 286?
22
Calculate the remainder when 197 is divided by 39.
2
Calculate the remainder when 123 is divided by 53.
17
What is the remainder when 191 is divided by 97?
94
Calculate the remainder when 3736 is divided by 178.
176
Calculate the remainder when 34 is divided by 19.
15
Calculate the remainder when 229 is divided by 21.
19
Calculate the remainder when 382 is divided by 131.
120
Calculate the remainder when 316 is divided by 66.
52
What is the remainder when 35 is divided by 24?
11
Calculate the remainder when 203 is divided by 31.
17
Calculate the remainder when 2037 is divided by 290.
7
What is the remainder when 3429 is divided by 24?
21
What is the remainder when 96 is divided by 15?
6
What is the remainder when 1054 is divided by 16?
14
What is the remainder when 1539 is divided by 330?
219
Calculate the remainder when 205 is divided by 82.
41
What is the remainder when 408 is divided by 201?
6
Calculate the remainder when 1566 is divided by 157.
153
What is the remainder when 368 is divided by 365?
3
What is the remainder when 7337 is divided by 111?
11
What is the remainder when 64 is divided by 33?
31
Calculate the remainder when 310 is divided by 46.
34
Calculate the remainder when 1157 is divided by 1157.
0
Calculate the remainder when 173 is divided by 84.
5
Calculate the remainder when 815 is divided by 12.
11
Calculate the remainder when 219 is divided by 84.
51
What is the remainder when 109 is divided by 33?
10
Calculate the remainder when 9 is divided by 2.
1
Calculate the remainder when 1228 is divided by 402.
22
What is the remainder when 1203 is divided by 31?
25
Calculate the remainder when 199 is divided by 13.
4
Calculate the remainder when 1456 is divided by 27.
25
Calculate the remainder when 712 is divided by 80.
72
What is the remainder when 522 is divided by 5?
2
Calculate the remainder when 51 is divided by 30.
21
What is the remainder when 80 is divided by 17?
12
Calculate the remainder when 4206 is divided by 128.
110
What is the remainder when 23 is divided by 13?
10
Calculate the remainder when 487 is divided by 39.
19
What is the remainder when 963 is divided by 321?
0
Calculate the remainder when 729 is divided by 17.
15
What is the remainder when 325 is divided by 6?
1
What is the remainder when 21 is divided by 5?
1
Calculate the remainder when 586 is divided by 481.
105
What is the remainder when 1441 is divided by 111?
109
Calculate the remainder when 24 is divided by 15.
9
What is the remainder when 164 is divided by 55?
54
Calculate the remainder when 2182 is divided by 78.
76
Calculate the remainder when 124 is divided by 3.
1
Calculate the remainder when 166 is divided by 60.
46
What is the remainder when 877 is divided by 22?
19
What is the remainder when 110 is divided by 25?
10
What is the remainder when 13 is divided by 8?
5
What is the remainder when 250 is divided by 42?
40
Calculate the remainder when 348 is divided by 50.
48
What is the remainder when 96 is divided by 15?
6
What is the remainder when 13507 is divided by 193?
190
What is the remainder when 11231 is divided by 23?
7
Calculate the remainder when 1905 is divided by 6.
3
Calculate the remainder when 405 is divided by 37.
35
Calculate the remainder when 130 is divided by 128.
2
Calculate the remainder when 222 is divided by 215.
7
What is the remainder when 22 is divided by 15?
7
Calculate the remainder when 59 is divided by 8.
3
What is the remainder when 88 is divided by 19?
12
Calculate the remainder when 802 is divided by 62.
58
Calculate the remainder when 72 is divided by 36.
0
What is the remainder when 601 is divided by 104?
81
What is the remainder when 976 is divided by 7?
3
What is the remainder when 276 is divided by 101?
74
Calculate the remainder when 691 is divided by 177.
160
What is the remainder when 85 is divided by 26?
7
What is the remainder when 238 is divided by 189?
49
Calculate the remainder when 64 is divided by 30.
4
Calculate the remainder when 1295 is divided by 24.
23
Calculate the remainder when 391 is divided by 95.
11
What is the remainder when 1319 is divided by 188?
3
What is the remainder when 87 is divided by 35?
17
Calculate the remainder when 1451 is divided by 18.
11
What is the remainder when 210 is divided by 6?
0
What is the remainder when 488 is divided by 35?
33
Calculate the remainder when 348 is divided by 122.
104
Calculate the remainder when 1052 is divided by 11.
7
Calculate the remainder when 40 is divided by 11.
7
Calculate the remainder when 7015 is divided by 90.
85
What is the remainder when 408 is divided by 24?
0
What is the remainder when 312 is divided by 153?
6
Calculate the remainder when 26 is divided by 6.
2
What is the remainder when 4274 is divided by 48?
2
Calculate the remainder when 26 is divided by 23.
3
Calculate the remainder when 88 is divided by 7.
4
Calculate the remainder when 46 is divided by 7.
4
What is the remainder when 1238 is divided by 40?
38
Calculate the remainder when 155 is divided by 20.
15
Calculate the remainder when 65 is divided by 12.
5
Calculate the remainder when 1203 is divided by 397.
12
What is the remainder when 257 is divided by 65?
62
Calculate the remainder when 635 is divided by 11.
8
Calculate the remainder when 81 is divided by 48.
33
Calculate the remainder when 214 is divided by 57.
43
Calculate the remainder when 588 is divided by 5.
3
What is th